he highest common divisor of 5141 and 388?
97
Calculate the greatest common factor of 42 and 48.
6
What is the greatest common divisor of 152 and 16?
8
What is the greatest common divisor of 5 and 485?
5
What is the highest common factor of 392 and 28?
28
What is the greatest common divisor of 516 and 344?
172
What is the greatest common divisor of 1525 and 125?
25
Calculate the highest common divisor of 2712 and 48.
24
What is the greatest common divisor of 52 and 234?
26
What is the highest common factor of 459 and 297?
27
What is the highest common factor of 35 and 735?
35
Calculate the highest common divisor of 195 and 78.
39
What is the highest common divisor of 119 and 4114?
17
What is the highest common factor of 8 and 388?
4
Calculate the greatest common divisor of 4 and 528.
4
What is the highest common divisor of 11 and 143?
11
What is the highest common divisor of 625 and 25?
25
What is the greatest common factor of 1675 and 75?
25
What is the greatest common divisor of 1704 and 3621?
213
Calculate the highest common factor of 99 and 429.
33
Calculate the greatest common divisor of 240 and 96.
48
What is the greatest common factor of 527 and 17?
17
What is the highest common divisor of 117 and 369?
9
What is the highest common factor of 5694 and 78?
78
Calculate the greatest common factor of 44 and 8668.
44
What is the greatest common factor of 1674 and 7068?
186
Calculate the greatest common divisor of 15 and 21.
3
What is the greatest common divisor of 154 and 23639?
77
Calculate the greatest common divisor of 245 and 140.
35
What is the greatest common divisor of 35 and 245?
35
Calculate the highest common factor of 3081 and 79.
79
Calculate the highest common factor of 3614 and 695.
139
What is the highest common factor of 287 and 28?
7
Calculate the highest common factor of 462 and 91.
7
What is the greatest common divisor of 4913 and 2023?
289
What is the greatest common factor of 120 and 192?
24
What is the highest common factor of 429 and 1001?
143
What is the highest common factor of 7080 and 30?
30
What is the highest common divisor of 4512 and 611?
47
What is the highest common factor of 370 and 518?
74
Calculate the highest common divisor of 4152 and 120.
24
Calculate the highest common factor of 26 and 3523.
13
Calculate the highest common factor of 1184 and 32.
32
What is the greatest common divisor of 33 and 242?
11
Calculate the greatest common factor of 25150 and 50.
50
What is the highest common factor of 3164 and 28?
28
Calculate the highest common factor of 5947 and 152.
19
Calculate the highest common factor of 56 and 924.
28
What is the greatest common factor of 3262 and 21?
7
Calculate the highest common factor of 68 and 476.
68
What is the greatest common divisor of 24 and 66?
6
What is the greatest common factor of 76 and 8?
4
Calculate the greatest common divisor of 155 and 806.
31
Calculate the highest common factor of 8869 and 905.
181
Calculate the highest common divisor of 6 and 93.
3
Calculate the highest common divisor of 2216 and 8.
8
Calculate the greatest common divisor of 1946 and 42.
14
Calculate the greatest common factor of 304 and 16.
16
What is the greatest common divisor of 80 and 160?
80
Calculate the highest common factor of 4850 and 30.
10
Calculate the greatest common divisor of 18 and 3498.
6
What is the highest common divisor of 40 and 232?
8
Calculate the highest common factor of 18 and 1818.
18
Calculate the highest common divisor of 78 and 198.
6
What is the highest common divisor of 9 and 1908?
9
Calculate the greatest common divisor of 697 and 68.
17
What is the highest common factor of 44 and 3454?
22
Calculate the highest common factor of 1405 and 4777.
281
What is the greatest common divisor of 45 and 2205?
45
What is the highest common factor of 8201 and 531?
59
Calculate the highest common factor of 15 and 1095.
15
What is the greatest common factor of 17 and 731?
17
What is the greatest common divisor of 1378 and 159?
53
What is the highest common divisor of 1635 and 855?
15
What is the greatest common divisor of 12 and 214?
2
Calculate the highest common divisor of 45 and 100.
5
Calculate the highest common divisor of 615 and 6.
3
Calculate the highest common factor of 1416 and 72.
24
What is the highest common divisor of 14 and 16926?
14
What is the highest common factor of 296 and 8?
8
What is the highest common divisor of 18 and 78?
6
What is the highest common factor of 742 and 28?
14
Calculate the highest common divisor of 61 and 1403.
61
Calculate the greatest common factor of 2668 and 232.
116
What is the greatest common divisor of 221 and 39?
13
What is the greatest common factor of 506 and 44?
22
What is the greatest common divisor of 61 and 5?
1
What is the greatest common factor of 5452 and 940?
188
Calculate the highest common divisor of 21 and 3171.
21
What is the greatest common factor of 9 and 4638?
3
Calculate the highest common divisor of 125 and 10.
5
Calculate the greatest common factor of 36 and 1602.
18
Calculate the greatest common factor of 183 and 8967.
183
What is the highest common divisor of 18 and 1341?
9
What is the highest common divisor of 19 and 4009?
19
Calculate the greatest common divisor of 135 and 72.
9
Calculate the greatest common factor of 7424 and 48.
16
Calculate the greatest common divisor of 10 and 5470.
10
Calculate the greatest common factor of 387 and 43.
43
What is the highest common divisor of 1725 and 1425?
75
What is the greatest common factor of 216 and 168?
24
Calculate the highest common factor of 2120 and 140.
20
What is the highest common factor of 68 and 119?
17
What is the highest common factor of 200 and 16?
8
What is the highest common divisor of 2169 and 9?
9
Calculate the highest common factor of 280 and 80.
40
What is the greatest common divisor of 3 and 222?
3
What is the highest common factor of 2445 and 60?
15
What is the highest common factor of 15 and 65?
5
Calculate the highest common factor of 234 and 624.
78
What is the highest common factor of 8954 and 11?
11
Calculate the greatest common factor of 28 and 203.
7
What is the greatest common factor of 4 and 388?
4
What is the highest common divisor of 675 and 6675?
75
What is the highest common factor of 1105 and 65?
65
What is the highest common divisor of 149 and 1?
1
What is the greatest common factor of 99 and 165?
33
What is the highest common divisor of 15 and 20?
5
What is the highest common divisor of 4294 and 1808?
226
Calculate the greatest common factor of 2709 and 609.
21
Calculate the highest common factor of 38 and 21926.
38
What is the greatest common divisor of 656 and 246?
82
What is the highest common divisor of 14 and 686?
14
What is the greatest common factor of 240 and 645?
15
Calculate the highest common divisor of 3341 and 4112.
257
Calculate the greatest common factor of 264 and 308.
44
What is the greatest common factor of 22 and 671?
11
What is the greatest common factor of 80 and 10?
10
Calculate the highest common factor of 54259 and 87.
29
Calculate the greatest common factor of 174 and 957.
87
What is the highest common divisor of 4040 and 240?
40
What is the greatest common divisor of 105 and 45?
15
What is the highest common divisor of 37 and 6956?
37
Calculate the highest common divisor of 810 and 180.
90
What is the highest common factor of 222 and 12?
6
Calculate the highest common factor of 56 and 203.
7
What is the highest common factor of 1539 and 57?
57
Calculate the highest common divisor of 923 and 65.
13
What is the highest common divisor of 59 and 1711?
59
Calculate the greatest common factor of 302 and 2869.
151
What is the highest common factor of 9654 and 6?
6
Calculate the highest common factor of 10 and 1525.
5
What is the greatest common factor of 6588 and 108?
108
Calculate the greatest common divisor of 1150 and 184.
46
Calculate the highest common factor of 1034 and 658.
94
What is the greatest common divisor of 5504 and 48?
16
Calculate the highest common divisor of 1863 and 23.
23
Calculate the greatest common factor of 288 and 320.
32
What is the highest common divisor of 1014 and 390?
78
What is the greatest common divisor of 120 and 96?
24
Calculate the highest common factor of 973 and 7.
7
Wha